{"id":24917,"date":"2021-11-04T14:34:40","date_gmt":"2021-11-04T14:34:40","guid":{"rendered":"http:\/\/soc.ba\/site\/wp-content\/uploads\/2021\/11\/Poziv-trans-osobama-i-njihovim-roditeljima-za-u\u010de\u0161\u0107e-u-zagovara\u010dkoj-grupi1.png"},"modified":"2021-11-04T14:34:40","modified_gmt":"2021-11-04T14:34:40","slug":"poziv-trans-osobama-i-njihovim-roditeljima-za-ucesce-u-zagovarackoj-grupi1-2","status":"inherit","type":"attachment","link":"https:\/\/soc.ba\/en\/poziv-trans-osobama-i-njihovim-roditeljima-za-ucesce-u-zagovarackoj-grupi1-2\/","title":{"rendered":"Poziv trans osobama i njihovim roditeljima za u\u010de\u0161\u0107e u zagovara\u010dkoj grupi(1)"},"author":7,"featured_media":0,"comment_status":"closed","ping_status":"closed","template":"","meta":{"_acf_changed":false,"_monsterinsights_skip_tracking":false,"_monsterinsights_sitenote_active":false,"_monsterinsights_sitenote_note":"","_monsterinsights_sitenote_category":0},"class_list":["post-24917","attachment","type-attachment","status-inherit","hentry"],"acf":[],"jetpack_sharing_enabled":true,"description":{"rendered":"<p class=\"img-responsive attachment\"><imgsrc=\"https: \/>soc.ba\/site\/wp-content\/uploads\/2021\/11\/Poziv-trans-osobama-i-njihovim-roditeljima-za-u\u010de\u0161\u0107e-u-zagovara\u010dkoj-grupi1-300x300.png\" class=\"img-responsive attachment-medium\" alt=\"\" srcset=\"https:\/\/soc.ba\/site\/wp-content\/uploads\/2021\/11\/Poziv-trans-osobama-i-njihovim-roditeljima-za-u\u010de\u0161\u0107e-u-zagovara\u010dkoj-grupi1-300x300.png 300w, https:\/\/soc.ba\/site\/wp-content\/uploads\/2021\/11\/Poziv-trans-osobama-i-njihovim-roditeljima-za-u\u010de\u0161\u0107e-u-zagovara\u010dkoj-grupi1-150x150.png 150w, https:\/\/soc.ba\/site\/wp-content\/uploads\/2021\/11\/Poziv-trans-osobama-i-njihovim-roditeljima-za-u\u010de\u0161\u0107e-u-zagovara\u010dkoj-grupi1-768x768.png 768w, https:\/\/soc.ba\/site\/wp-content\/uploads\/2021\/11\/Poziv-trans-osobama-i-njihovim-roditeljima-za-u\u010de\u0161\u0107e-u-zagovara\u010dkoj-grupi1-1024x1024.png 1024w, https:\/\/soc.ba\/site\/wp-content\/uploads\/2021\/11\/Poziv-trans-osobama-i-njihovim-roditeljima-za-u\u010de\u0161\u0107e-u-zagovara\u010dkoj-grupi1.png 1080w\" sizes=\"(max-width: 300px) 100vw, 300px\" data-attachment-id=\"24917\" data-permalink=\"https:\/\/soc.ba\/en\/poziv-trans-osobama-i-njihovim-roditeljima-za-ucesce-u-zagovarackoj-grupi1-2\/\" data-orig-file=\"https:\/\/soc.ba\/site\/wp-content\/uploads\/2021\/11\/Poziv-trans-osobama-i-njihovim-roditeljima-za-u\u010de\u0161\u0107e-u-zagovara\u010dkoj-grupi1.png\" data-orig-size=\"1080,1080\" data-comments-opened=\"0\" data-image-meta=\"{&quot;aperture&quot;:&quot;0&quot;,&quot;credit&quot;:&quot;&quot;,&quot;camera&quot;:&quot;&quot;,&quot;caption&quot;:&quot;&quot;,&quot;created_timestamp&quot;:&quot;0&quot;,&quot;copyright&quot;:&quot;&quot;,&quot;focal_length&quot;:&quot;0&quot;,&quot;iso&quot;:&quot;0&quot;,&quot;shutter_speed&quot;:&quot;0&quot;,&quot;title&quot;:&quot;&quot;,&quot;orientation&quot;:&quot;0&quot;}\" data-image-title=\"Poziv trans osobama i njihovim roditeljima za u\u010de\u0161\u0107e u zagovara\u010dkoj grupi(1)\" data-image-description=\"\" data-image-caption=\"\" data-medium-file=\"https:\/\/soc.ba\/site\/wp-content\/uploads\/2021\/11\/Poziv-trans-osobama-i-njihovim-roditeljima-za-u\u010de\u0161\u0107e-u-zagovara\u010dkoj-grupi1-300x300.png\" data-large-file=\"https:\/\/soc.ba\/site\/wp-content\/uploads\/2021\/11\/Poziv-trans-osobama-i-njihovim-roditeljima-za-u\u010de\u0161\u0107e-u-zagovara\u010dkoj-grupi1-1024x1024.png\" tabindex=\"0\" role=\"button\" \/><\/p> "},"caption":{"rendered":""},"alt_text":"","media_type":"image","mime_type":"image\/png","media_details":{"width":1080,"height":1080,"file":"2021\/11\/Poziv-trans-osobama-i-njihovim-roditeljima-za-u\u010de\u0161\u0107e-u-zagovara\u010dkoj-grupi1.png","sizes":{"thumbnail":{"file":"Poziv-trans-osobama-i-njihovim-roditeljima-za-u\u010de\u0161\u0107e-u-zagovara\u010dkoj-grupi1-150x150.png","width":150,"height":150,"mime_type":"image\/png","source_url":"https:\/\/soc.ba\/site\/wp-content\/uploads\/2021\/11\/Poziv-trans-osobama-i-njihovim-roditeljima-za-u\u010de\u0161\u0107e-u-zagovara\u010dkoj-grupi1-150x150.png"},"medium":{"file":"Poziv-trans-osobama-i-njihovim-roditeljima-za-u\u010de\u0161\u0107e-u-zagovara\u010dkoj-grupi1-300x300.png","width":300,"height":300,"mime_type":"image\/png","source_url":"https:\/\/soc.ba\/site\/wp-content\/uploads\/2021\/11\/Poziv-trans-osobama-i-njihovim-roditeljima-za-u\u010de\u0161\u0107e-u-zagovara\u010dkoj-grupi1-300x300.png"},"medium_large":{"file":"Poziv-trans-osobama-i-njihovim-roditeljima-za-u\u010de\u0161\u0107e-u-zagovara\u010dkoj-grupi1-768x768.png","width":768,"height":768,"mime_type":"image\/png","source_url":"https:\/\/soc.ba\/site\/wp-content\/uploads\/2021\/11\/Poziv-trans-osobama-i-njihovim-roditeljima-za-u\u010de\u0161\u0107e-u-zagovara\u010dkoj-grupi1-768x768.png"},"large":{"file":"Poziv-trans-osobama-i-njihovim-roditeljima-za-u\u010de\u0161\u0107e-u-zagovara\u010dkoj-grupi1-1024x1024.png","width":1024,"height":1024,"mime_type":"image\/png","source_url":"https:\/\/soc.ba\/site\/wp-content\/uploads\/2021\/11\/Poziv-trans-osobama-i-njihovim-roditeljima-za-u\u010de\u0161\u0107e-u-zagovara\u010dkoj-grupi1-1024x1024.png"},"home-thumb":{"file":"Poziv-trans-osobama-i-njihovim-roditeljima-za-u\u010de\u0161\u0107e-u-zagovara\u010dkoj-grupi1-300x200.png","width":300,"height":200,"mime_type":"image\/png","source_url":"https:\/\/soc.ba\/site\/wp-content\/uploads\/2021\/11\/Poziv-trans-osobama-i-njihovim-roditeljima-za-u\u010de\u0161\u0107e-u-zagovara\u010dkoj-grupi1-300x200.png"},"portrait":{"file":"Poziv-trans-osobama-i-njihovim-roditeljima-za-u\u010de\u0161\u0107e-u-zagovara\u010dkoj-grupi1-120x170.png","width":120,"height":170,"mime_type":"image\/png","source_url":"https:\/\/soc.ba\/site\/wp-content\/uploads\/2021\/11\/Poziv-trans-osobama-i-njihovim-roditeljima-za-u\u010de\u0161\u0107e-u-zagovara\u010dkoj-grupi1-120x170.png"},"full":{"file":"Poziv-trans-osobama-i-njihovim-roditeljima-za-u\u010de\u0161\u0107e-u-zagovara\u010dkoj-grupi1.png","width":1080,"height":1080,"mime_type":"image\/png","source_url":"https:\/\/soc.ba\/site\/wp-content\/uploads\/2021\/11\/Poziv-trans-osobama-i-njihovim-roditeljima-za-u\u010de\u0161\u0107e-u-zagovara\u010dkoj-grupi1.png"}},"image_meta":{"aperture":"0","credit":"","camera":"","caption":"","created_timestamp":"0","copyright":"","focal_length":"0","iso":"0","shutter_speed":"0","title":"","orientation":"0","keywords":[]}},"post":null,"source_url":"https:\/\/soc.ba\/site\/wp-content\/uploads\/2021\/11\/Poziv-trans-osobama-i-njihovim-roditeljima-za-u\u010de\u0161\u0107e-u-zagovara\u010dkoj-grupi1.png","_links":{"self":[{"href":"https:\/\/soc.ba\/en\/wp-json\/wp\/v2\/media\/24917"}],"collection":[{"href":"https:\/\/soc.ba\/en\/wp-json\/wp\/v2\/media"}],"about":[{"href":"https:\/\/soc.ba\/en\/wp-json\/wp\/v2\/types\/attachment"}],"author":[{"embeddable":true,"href":"https:\/\/soc.ba\/en\/wp-json\/wp\/v2\/users\/7"}],"replies":[{"embeddable":true,"href":"https:\/\/soc.ba\/en\/wp-json\/wp\/v2\/comments?post=24917"}]}}

http://soc.ba/site/wp-content/uploads/2021/11/Poziv-trans-osobama-i-njihovim-roditeljima-za-učešće-u-zagovaračkoj-grupi1.png

Poziv trans osobama i njihovim roditeljima za učešće u zagovaračkoj grupi(1)

<p class="img-responsive attachment"><imgsrc="https: />soc.ba/site/wp-content/uploads/2021/11/Poziv-trans-osobama-i-njihovim-roditeljima-za-učešće-u-zagovaračkoj-grupi1-300x300.png" class="img-responsive attachment-medium" alt="" srcset="https://soc.ba/site/wp-content/uploads/2021/11/Poziv-trans-osobama-i-njihovim-roditeljima-za-učešće-u-zagovaračkoj-grupi1-300x300.png 300w, https://soc.ba/site/wp-content/uploads/2021/11/Poziv-trans-osobama-i-njihovim-roditeljima-za-učešće-u-zagovaračkoj-grupi1-150x150.png 150w, https://soc.ba/site/wp-content/uploads/2021/11/Poziv-trans-osobama-i-njihovim-roditeljima-za-učešće-u-zagovaračkoj-grupi1-768x768.png 768w, https://soc.ba/site/wp-content/uploads/2021/11/Poziv-trans-osobama-i-njihovim-roditeljima-za-učešće-u-zagovaračkoj-grupi1-1024x1024.png 1024w, https://soc.ba/site/wp-content/uploads/2021/11/Poziv-trans-osobama-i-njihovim-roditeljima-za-učešće-u-zagovaračkoj-grupi1.png 1080w" sizes="(max-width: 300px) 100vw, 300px" data-attachment-id="24917" data-permalink="https://soc.ba/en/poziv-trans-osobama-i-njihovim-roditeljima-za-ucesce-u-zagovarackoj-grupi1-2/" data-orig-file="https://soc.ba/site/wp-content/uploads/2021/11/Poziv-trans-osobama-i-njihovim-roditeljima-za-učešće-u-zagovaračkoj-grupi1.png" data-orig-size="1080,1080" data-comments-opened="0" data-image-meta="{&quot;aperture&quot;:&quot;0&quot;,&quot;credit&quot;:&quot;&quot;,&quot;camera&quot;:&quot;&quot;,&quot;caption&quot;:&quot;&quot;,&quot;created_timestamp&quot;:&quot;0&quot;,&quot;copyright&quot;:&quot;&quot;,&quot;focal_length&quot;:&quot;0&quot;,&quot;iso&quot;:&quot;0&quot;,&quot;shutter_speed&quot;:&quot;0&quot;,&quot;title&quot;:&quot;&quot;,&quot;orientation&quot;:&quot;0&quot;}" data-image-title="Poziv trans osobama i njihovim roditeljima za učešće u zagovaračkoj grupi(1)" data-image-description="" data-image-caption="" data-medium-file="https://soc.ba/site/wp-content/uploads/2021/11/Poziv-trans-osobama-i-njihovim-roditeljima-za-učešće-u-zagovaračkoj-grupi1-300x300.png" data-large-file="https://soc.ba/site/wp-content/uploads/2021/11/Poziv-trans-osobama-i-njihovim-roditeljima-za-učešće-u-zagovaračkoj-grupi1-1024x1024.png" tabindex="0" role="button" /></p>

2021/11/Poziv-trans-osobama-i-njihovim-roditeljima-za-učešće-u-zagovaračkoj-grupi1.png

Poziv-trans-osobama-i-njihovim-roditeljima-za-učešće-u-zagovaračkoj-grupi1-150x150.png

https://soc.ba/site/wp-content/uploads/2021/11/Poziv-trans-osobama-i-njihovim-roditeljima-za-učešće-u-zagovaračkoj-grupi1-150x150.png

Poziv-trans-osobama-i-njihovim-roditeljima-za-učešće-u-zagovaračkoj-grupi1-300x300.png

https://soc.ba/site/wp-content/uploads/2021/11/Poziv-trans-osobama-i-njihovim-roditeljima-za-učešće-u-zagovaračkoj-grupi1-300x300.png

Poziv-trans-osobama-i-njihovim-roditeljima-za-učešće-u-zagovaračkoj-grupi1-768x768.png

https://soc.ba/site/wp-content/uploads/2021/11/Poziv-trans-osobama-i-njihovim-roditeljima-za-učešće-u-zagovaračkoj-grupi1-768x768.png

Poziv-trans-osobama-i-njihovim-roditeljima-za-učešće-u-zagovaračkoj-grupi1-1024x1024.png

https://soc.ba/site/wp-content/uploads/2021/11/Poziv-trans-osobama-i-njihovim-roditeljima-za-učešće-u-zagovaračkoj-grupi1-1024x1024.png

Poziv-trans-osobama-i-njihovim-roditeljima-za-učešće-u-zagovaračkoj-grupi1-300x200.png

https://soc.ba/site/wp-content/uploads/2021/11/Poziv-trans-osobama-i-njihovim-roditeljima-za-učešće-u-zagovaračkoj-grupi1-300x200.png

Poziv-trans-osobama-i-njihovim-roditeljima-za-učešće-u-zagovaračkoj-grupi1-120x170.png

https://soc.ba/site/wp-content/uploads/2021/11/Poziv-trans-osobama-i-njihovim-roditeljima-za-učešće-u-zagovaračkoj-grupi1-120x170.png

Poziv-trans-osobama-i-njihovim-roditeljima-za-učešće-u-zagovaračkoj-grupi1.png

https://soc.ba/site/wp-content/uploads/2021/11/Poziv-trans-osobama-i-njihovim-roditeljima-za-učešće-u-zagovaračkoj-grupi1.png
